 is the units digit of 1808?
8
What is the units digit of 26235?
5
What is the hundreds digit of 3602?
6
What is the hundreds digit of 27982?
9
What is the tens digit of 845?
4
What is the thousands digit of 1412?
1
What is the thousands digit of 8247?
8
What is the hundreds digit of 845?
8
What is the tens digit of 105?
0
What is the hundreds digit of 1591?
5
What is the units digit of 6456?
6
What is the thousands digit of 1055?
1
What is the thousands digit of 17012?
7
What is the thousands digit of 71109?
1
What is the tens digit of 3775?
7
What is the hundred thousands digit of 107013?
1
What is the tens digit of 7444?
4
What is the units digit of 8551?
1
What is the ten thousands digit of 38655?
3
What is the hundreds digit of 828?
8
What is the thousands digit of 9698?
9
What is the hundreds digit of 4496?
4
What is the thousands digit of 3194?
3
What is the tens digit of 6878?
7
What is the tens digit of 1107?
0
What is the ten thousands digit of 64169?
6
What is the hundreds digit of 26422?
4
What is the hundreds digit of 86646?
6
What is the tens digit of 596?
9
What is the ten thousands digit of 17803?
1
What is the thousands digit of 6723?
6
What is the tens digit of 608?
0
What is the hundreds digit of 580?
5
What is the ten thousands digit of 42589?
4
What is the tens digit of 480?
8
What is the units digit of 130277?
7
What is the units digit of 1220?
0
What is the thousands digit of 125645?
5
What is the hundreds digit of 2463?
4
What is the hundreds digit of 1221?
2
What is the tens digit of 1292?
9
What is the thousands digit of 18067?
8
What is the hundreds digit of 889?
8
What is the hundreds digit of 679?
6
What is the units digit of 7948?
8
What is the units digit of 51165?
5
What is the units digit of 7880?
0
What is the hundreds digit of 111969?
9
What is the units digit of 2238?
8
What is the units digit of 11225?
5
What is the units digit of 224?
4
What is the ten thousands digit of 38225?
3
What is the tens digit of 83662?
6
What is the thousands digit of 42056?
2
What is the thousands digit of 28577?
8
What is the ten thousands digit of 24386?
2
What is the hundreds digit of 332?
3
What is the tens digit of 895?
9
What is the tens digit of 11158?
5
What is the tens digit of 4406?
0
What is the hundreds digit of 12443?
4
What is the hundreds digit of 17347?
3
What is the tens digit of 30257?
5
What is the hundreds digit of 924?
9
What is the thousands digit of 1529?
1
What is the tens digit of 170120?
2
What is the tens digit of 7867?
6
What is the hundreds digit of 29106?
1
What is the hundreds digit of 1934?
9
What is the ten thousands digit of 17240?
1
What is the units digit of 9025?
5
What is the thousands digit of 82728?
2
What is the hundreds digit of 1389?
3
What is the ten thousands digit of 15307?
1
What is the tens digit of 3366?
6
What is the hundreds digit of 8524?
5
What is the thousands digit of 52209?
2
What is the hundreds digit of 81440?
4
What is the tens digit of 11297?
9
What is the hundreds digit of 2319?
3
What is the hundreds digit of 112142?
1
What is the units digit of 240?
0
What is the tens digit of 32419?
1
What is the hundreds digit of 19796?
7
What is the ten thousands digit of 106731?
0
What is the hundreds digit of 237?
2
What is the hundreds digit of 39792?
7
What is the tens digit of 87?
8
What is the hundreds digit of 6708?
7
What is the thousands digit of 34849?
4
What is the tens digit of 40990?
9
What is the thousands digit of 1193?
1
What is the tens digit of 660?
6
What is the thousands digit of 27364?
7
What is the units digit of 68?
8
What is the hundreds digit of 5711?
7
What is the hundreds digit of 2667?
6
What is the ten thousands digit of 17276?
1
What is the tens digit of 872?
7
What is the tens digit of 1086?
8
What is the tens digit of 687?
8
What is the tens digit of 805?
0
What is the thousands digit of 2923?
2
What is the hundreds digit of 11900?
9
What is the ten thousands digit of 35068?
3
What is the hundreds digit of 705?
7
What is the units digit of 5588?
8
What is the thousands digit of 16986?
6
What is the hundreds digit of 469?
4
What is the thousands digit of 6501?
6
What is the tens digit of 59596?
9
What is the tens digit of 3577?
7
What is the hundreds digit of 42288?
2
What is the hundreds digit of 5235?
2
What is the units digit of 16979?
9
What is the units digit of 672?
2
What is the tens digit of 229?
2
What is the units digit of 133?
3
What is the hundreds digit of 594?
5
What is the tens digit of 429?
2
What is the thousands digit of 12467?
2
What is the thousands digit of 1246?
1
What is the hundreds digit of 51473?
4
What is the units digit of 961?
1
What is the hundreds digit of 30391?
3
What is the tens digit of 4356?
5
What is the ten thousands digit of 135158?
3
What is the tens digit of 12021?
2
What is the thousands digit of 178648?
8
What is the tens digit of 11191?
9
What is the hundreds digit of 337?
3
What is the tens digit of 19272?
7
What is the tens digit of 17888?
8
What is the hundreds digit of 87750?
7
What is the thousands digit of 2370?
2
What is the units digit of 4387?
7
What is the thousands digit of 4326?
4
What is the units digit of 8018?
8
What is the thousands digit of 1169?
1
What is the units digit of 1017?
7
What is the units digit of 4160?
0
What is the tens digit of 152?
5
What is the tens digit of 6865?
6
What is the units digit of 1427?
7
What is the hundreds digit of 1447?
4
What is the thousands digit of 33423?
3
What is the units digit of 666?
6
What is the tens digit of 2091?
9
What is the hundreds digit of 32672?
6
What is the units digit of 615?
5
What is the units digit of 845?
5
What is the units digit of 6062?
2
What is the thousands digit of 2090?
2
What is the hundreds digit of 1523?
5
What is the tens digit of 9394?
9
What is the tens digit of 68422?
2
What is the units digit of 5763?
3
What is the units digit of 7812?
2
What is the units digit of 6520?
0
What is the hundreds digit of 66186?
1
What is the units digit of 37955?
5
What is the thousands digit of 2592?
2
What is the units digit of 2705?
5
What is the ten thousands digit of 85218?
8
What is the hundreds digit of 142679?
6
What is the units digit of 1159?
9
What is the tens digit of 13119?
1
What is the hundreds digit of 1486?
4
What is the tens digit of 12667?
6
What is the tens digit of 31813?
1
What is the thousands digit of 1302?
1
What is the tens digit of 2333?
3
What is the units digit of 403?
3
What is the units digit of 509?
9
What is the hundreds digit of 5241?
2
What is the units digit of 622?
2
What is the hundreds digit of 2366?
3
What is the units digit of 3655?
5
What is the hundreds digit of 32482?
4
What is the hundreds digit of 6133?
1
What is the tens digit of 13170?
7
What is the tens digit of 2733?
3
What is the tens digit of 567?
6
What is the tens digit of 3366?
6
What is the hundreds digit of 25761?
7
What is the hundreds digit of 4590?
5
What is the units digit of 51389?
9
What is the units digit of 22843?
3
What is the units digit of 17406?
6
What is the thousands digit of 1279?
1
What is the hundreds digit of 94906?
9
What is the tens digit of 2018?
1
What is the units digit of 7480?
0
What is the thousands digit of 52648?
2
What is the ten thousands digit of 73215?
7
What is the tens digit of 32081?
8
What is the units digit of 3446?
6
What is the units digit of 8542?
2
What is the tens digit of 37?
3
What is the tens digit of 1341?
4
What is the units digit of 873?
3
What is the tens digit of 85718?
1
What is the units digit of 237?
7
What is the thousands digit of 6766?
6
What is the units digit of 2125?
5
What is the ten thousands digit of 10301?
1
What is the hundreds digit of 1133?
1
What is the units digit of 5817?
7
What is the hundreds digit of 321?
3
What is the units digit of 1076?
6
What is the units digit of 2011?
1
What is the tens digit of 9740?
4
What is the units digit of 5689?
9
What is the ten thousands digit of 41155?
4
What is the units digit of 836?
6
What is the units digit of 1051?
1
What is the tens digit of 461?
6
What is the units digit of 4776?
6
What is the units digit of 3089?
9
What is the hundreds digit of 3030?
0
What is the ten thousands digit of 20464?
2
What is the units d